[INFO] cloning repository https://github.com/ThePesta/alessandro-vs-code-y-u-no-work
[INFO] running `Command { std: "git" "-c" "credential.helper=" "-c" "credential.helper=/workspace/cargo-home/bin/git-credential-null" "clone" "--bare" "https://github.com/ThePesta/alessandro-vs-code-y-u-no-work" "/workspace/cache/git-repos/https%3A%2F%2Fgithub.com%2FThePesta%2Falessandro-vs-code-y-u-no-work", kill_on_drop: false }`
[INFO] [stderr] Cloning into bare repository '/workspace/cache/git-repos/https%3A%2F%2Fgithub.com%2FThePesta%2Falessandro-vs-code-y-u-no-work'...
[INFO] running `Command { std: "git" "rev-parse" "HEAD", kill_on_drop: false }`
[INFO] [stdout] 8473f26b0a8416dffc45445681f604dd4228d6e4
[INFO] checking ThePesta/alessandro-vs-code-y-u-no-work against master#af3c6e733a40e671550e0f0f5aeecaa13772ba56 for pr-74989
[INFO] running `Command { std: "git" "clone" "/workspace/cache/git-repos/https%3A%2F%2Fgithub.com%2FThePesta%2Falessandro-vs-code-y-u-no-work" "/workspace/builds/worker-14/source", kill_on_drop: false }`
[INFO] [stderr] Cloning into '/workspace/builds/worker-14/source'...
[INFO] [stderr] done.
[INFO] validating manifest of git repo https://github.com/ThePesta/alessandro-vs-code-y-u-no-work on toolchain af3c6e733a40e671550e0f0f5aeecaa13772ba56
[INFO] running `Command { std: "/workspace/cargo-home/bin/cargo" "+af3c6e733a40e671550e0f0f5aeecaa13772ba56" "read-manifest" "--manifest-path" "Cargo.toml", kill_on_drop: false }`
[INFO] started tweaking git repo https://github.com/ThePesta/alessandro-vs-code-y-u-no-work
[INFO] finished tweaking git repo https://github.com/ThePesta/alessandro-vs-code-y-u-no-work
[INFO] tweaked toml for git repo https://github.com/ThePesta/alessandro-vs-code-y-u-no-work written to /workspace/builds/worker-14/source/Cargo.toml
[INFO] crate git repo https://github.com/ThePesta/alessandro-vs-code-y-u-no-work already has a lockfile, it will not be regenerated
[INFO] running `Command { std: "/workspace/cargo-home/bin/cargo" "+af3c6e733a40e671550e0f0f5aeecaa13772ba56" "fetch" "--locked" "--manifest-path" "Cargo.toml", kill_on_drop: false }`
[INFO] [stderr]     Blocking waiting for file lock on package cache
[INFO] [stderr]     Blocking waiting for file lock on package cache
[INFO] running `Command { std: "docker" "create" "-v" "/var/lib/crater-agent-workspace/builds/worker-14/target:/opt/rustwide/target:rw,Z" "-v" "/var/lib/crater-agent-workspace/builds/worker-14/source:/opt/rustwide/workdir:ro,Z" "-v" "/var/lib/crater-agent-workspace/cargo-home:/opt/rustwide/cargo-home:ro,Z" "-v" "/var/lib/crater-agent-workspace/rustup-home:/opt/rustwide/rustup-home:ro,Z" "-e" "SOURCE_DIR=/opt/rustwide/workdir" "-e" "CARGO_TARGET_DIR=/opt/rustwide/target" "-e" "CARGO_HOME=/opt/rustwide/cargo-home" "-e" "RUSTUP_HOME=/opt/rustwide/rustup-home" "-w" "/opt/rustwide/workdir" "-m" "1610612736" "--user" "0:0" "--network" "none" "rustops/crates-build-env@sha256:d92eaeed33fa75130ca1ee6c8a01d1ffb62bac859dfdfb3450e3e5d1c0146529" "/opt/rustwide/cargo-home/bin/cargo" "+af3c6e733a40e671550e0f0f5aeecaa13772ba56" "metadata" "--no-deps" "--format-version=1", kill_on_drop: false }`
[INFO] [stdout] 45d22e73eceafd66b2874e4054f819eaec236062dc736fdb93a7020d6b4be9c0
[INFO] [stderr] WARNING: Your kernel does not support swap limit capabilities or the cgroup is not mounted. Memory limited without swap.
[INFO] running `Command { std: "docker" "start" "-a" "45d22e73eceafd66b2874e4054f819eaec236062dc736fdb93a7020d6b4be9c0", kill_on_drop: false }`
[INFO] running `Command { std: "docker" "inspect" "45d22e73eceafd66b2874e4054f819eaec236062dc736fdb93a7020d6b4be9c0", kill_on_drop: false }`
[INFO] running `Command { std: "docker" "rm" "-f" "45d22e73eceafd66b2874e4054f819eaec236062dc736fdb93a7020d6b4be9c0", kill_on_drop: false }`
[INFO] [stdout] 45d22e73eceafd66b2874e4054f819eaec236062dc736fdb93a7020d6b4be9c0
[INFO] running `Command { std: "docker" "create" "-v" "/var/lib/crater-agent-workspace/builds/worker-14/target:/opt/rustwide/target:rw,Z" "-v" "/var/lib/crater-agent-workspace/builds/worker-14/source:/opt/rustwide/workdir:ro,Z" "-v" "/var/lib/crater-agent-workspace/cargo-home:/opt/rustwide/cargo-home:ro,Z" "-v" "/var/lib/crater-agent-workspace/rustup-home:/opt/rustwide/rustup-home:ro,Z" "-e" "SOURCE_DIR=/opt/rustwide/workdir" "-e" "CARGO_TARGET_DIR=/opt/rustwide/target" "-e" "CARGO_INCREMENTAL=0" "-e" "RUST_BACKTRACE=full" "-e" "RUSTFLAGS=--cap-lints=forbid" "-e" "CARGO_HOME=/opt/rustwide/cargo-home" "-e" "RUSTUP_HOME=/opt/rustwide/rustup-home" "-w" "/opt/rustwide/workdir" "-m" "1610612736" "--user" "0:0" "--network" "none" "rustops/crates-build-env@sha256:d92eaeed33fa75130ca1ee6c8a01d1ffb62bac859dfdfb3450e3e5d1c0146529" "/opt/rustwide/cargo-home/bin/cargo" "+af3c6e733a40e671550e0f0f5aeecaa13772ba56" "check" "--frozen" "--all" "--all-targets" "--message-format=json", kill_on_drop: false }`
[INFO] [stdout] 4bc997f17ba62a2257146efb4410bff77c7f0831078fabc98346a371b4b8fd72
[INFO] [stderr] WARNING: Your kernel does not support swap limit capabilities or the cgroup is not mounted. Memory limited without swap.
[INFO] running `Command { std: "docker" "start" "-a" "4bc997f17ba62a2257146efb4410bff77c7f0831078fabc98346a371b4b8fd72", kill_on_drop: false }`
[INFO] [stderr]    Compiling libc v0.2.69
[INFO] [stderr]    Compiling proc-macro2 v1.0.10
[INFO] [stderr]    Compiling syn v1.0.18
[INFO] [stderr]     Checking futures-core v0.3.4
[INFO] [stderr]     Checking bytes v0.5.4
[INFO] [stderr]     Checking futures-sink v0.3.4
[INFO] [stderr]     Checking fnv v1.0.6
[INFO] [stderr]    Compiling proc-macro-nested v0.1.4
[INFO] [stderr]    Compiling getrandom v0.1.14
[INFO] [stderr]    Compiling proc-macro-hack v0.5.15
[INFO] [stderr]     Checking pin-utils v0.1.0
[INFO] [stderr]     Checking futures-task v0.3.4
[INFO] [stderr]     Checking pin-project-lite v0.1.4
[INFO] [stderr]     Checking futures-io v0.3.4
[INFO] [stderr]     Checking ppv-lite86 v0.2.6
[INFO] [stderr]    Compiling cc v1.0.52
[INFO] [stderr]    Compiling serde v1.0.110
[INFO] [stderr]     Checking quick-error v1.2.3
[INFO] [stderr]    Compiling failure_derive v0.1.8
[INFO] [stderr]     Checking itoa v0.4.5
[INFO] [stderr]     Checking copyless v0.1.4
[INFO] [stderr]     Checking byte-tools v0.3.1
[INFO] [stderr]     Checking regex-syntax v0.6.17
[INFO] [stderr]     Checking match_cfg v0.1.0
[INFO] [stderr]     Checking subtle v1.0.0
[INFO] [stderr]    Compiling ryu v1.0.4
[INFO] [stderr]     Checking linked-hash-map v0.5.3
[INFO] [stderr]    Compiling crc32fast v1.2.0
[INFO] [stderr]    Compiling encoding_rs v0.8.22
[INFO] [stderr]     Checking adler32 v1.0.4
[INFO] [stderr]     Checking opaque-debug v0.2.3
[INFO] [stderr]     Checking fake-simd v0.1.2
[INFO] [stderr]     Checking fallible-iterator v0.2.0
[INFO] [stderr]     Checking base64 v0.12.0
[INFO] [stderr]     Checking siphasher v0.3.3
[INFO] [stderr]     Checking md5 v0.7.0
[INFO] [stderr]     Checking dtoa v0.4.5
[INFO] [stderr]     Checking remove_dir_all v0.5.2
[INFO] [stderr]     Checking mime v0.3.16
[INFO] [stderr]     Checking sha1 v0.6.0
[INFO] [stderr]     Checking base64 v0.11.0
[INFO] [stderr]     Checking termcolor v1.1.0
[INFO] [stderr]    Compiling num-traits v0.2.11
[INFO] [stderr]    Compiling num-integer v0.1.42
[INFO] [stderr]    Compiling rand v0.6.5
[INFO] [stderr]     Checking futures-channel v0.3.4
[INFO] [stderr]     Checking humantime v1.3.0
[INFO] [stderr]     Checking block-padding v0.1.5
[INFO] [stderr]     Checking miniz_oxide v0.3.6
[INFO] [stderr]     Checking lru-cache v0.1.2
[INFO] [stderr]     Checking http v0.2.1
[INFO] [stderr]     Checking bytestring v0.1.5
[INFO] [stderr]     Checking idna v0.2.0
[INFO] [stderr]     Checking stringprep v0.1.2
[INFO] [stderr]     Checking phf_shared v0.8.0
[INFO] [stderr]     Checking fxhash v0.2.1
[INFO] [stderr]     Checking digest v0.8.1
[INFO] [stderr]     Checking crypto-mac v0.7.0
[INFO] [stderr]     Checking block-buffer v0.7.3
[INFO] [stderr]     Checking phf v0.8.0
[INFO] [stderr]     Checking hmac v0.7.1
[INFO] [stderr]     Checking sha2 v0.8.1
[INFO] [stderr]    Compiling backtrace-sys v0.1.37
[INFO] [stderr]    Compiling brotli-sys v0.3.2
[INFO] [stderr]     Checking url v2.1.1
[INFO] [stderr]    Compiling quote v1.0.3
[INFO] [stderr]     Checking net2 v0.2.33
[INFO] [stderr]     Checking num_cpus v1.13.0
[INFO] [stderr]     Checking iovec v0.1.4
[INFO] [stderr]     Checking signal-hook-registry v1.2.0
[INFO] [stderr]     Checking parking_lot_core v0.7.2
[INFO] [stderr]     Checking hostname v0.3.1
[INFO] [stderr]     Checking socket2 v0.3.12
[INFO] [stderr]     Checking time v0.1.43
[INFO] [stderr]     Checking flate2 v1.0.14
[INFO] [stderr]     Checking rand_os v0.1.3
[INFO] [stderr]     Checking wait-timeout v0.2.0
[INFO] [stderr]     Checking atty v0.2.14
[INFO] [stderr]     Checking threadpool v1.8.1
[INFO] [stderr]     Checking resolv-conf v0.6.3
[INFO] [stderr]     Checking mio v0.6.21
[INFO] [stderr]     Checking rand_core v0.5.1
[INFO] [stderr]     Checking parking_lot v0.10.2
[INFO] [stderr]     Checking rand_chacha v0.2.2
[INFO] [stderr]     Checking backtrace v0.3.46
[INFO] [stderr]     Checking scheduled-thread-pool v0.2.4
[INFO] [stderr]     Checking chrono v0.4.11
[INFO] [stderr]     Checking rand v0.7.3
[INFO] [stderr]     Checking r2d2 v0.8.8
[INFO] [stderr]     Checking regex v1.3.7
[INFO] [stderr]     Checking mio-uds v0.6.7
[INFO] [stderr]     Checking postgres-protocol v0.5.1
[INFO] [stderr]     Checking tempfile v3.1.0
[INFO] [stderr]     Checking env_logger v0.7.1
[INFO] [stderr]     Checking postgres-types v0.1.1
[INFO] [stderr]     Checking rusty-fork v0.2.2
[INFO] [stderr]     Checking proptest v0.9.6
[INFO] [stderr]     Checking brotli2 v0.3.2
[INFO] [stderr]    Compiling synstructure v0.12.3
[INFO] [stderr]    Compiling futures-macro v0.3.4
[INFO] [stderr]    Compiling tokio-macros v0.2.5
[INFO] [stderr]    Compiling pin-project-internal v0.4.16
[INFO] [stderr]    Compiling derive_more v0.99.5
[INFO] [stderr]    Compiling serde_derive v1.0.110
[INFO] [stderr]    Compiling actix-macros v0.1.1
[INFO] [stderr]    Compiling async-trait v0.1.30
[INFO] [stderr]    Compiling enum-as-inner v0.3.2
[INFO] [stderr]    Compiling actix-web-codegen v0.2.1
[INFO] [stderr]    Compiling diesel_derives v1.4.1
[INFO] [stderr]     Checking tokio v0.2.19
[INFO] [stderr]     Checking failure v0.1.8
[INFO] [stderr]     Checking futures-util v0.3.4
[INFO] [stderr]     Checking pin-project v0.4.16
[INFO] [stderr]     Checking futures-executor v0.3.4
[INFO] [stderr]     Checking actix-service v1.0.5
[INFO] [stderr]     Checking actix-threadpool v0.3.1
[INFO] [stderr]     Checking futures v0.3.4
[INFO] [stderr]     Checking tokio-util v0.2.0
[INFO] [stderr]     Checking actix-rt v1.1.1
[INFO] [stderr]     Checking tokio-util v0.3.1
[INFO] [stderr]     Checking trust-dns-proto v0.18.0-alpha.2
[INFO] [stderr]     Checking h2 v0.2.5
[INFO] [stderr]     Checking tokio-postgres v0.5.3
[INFO] [stderr]     Checking actix-codec v0.2.0
[INFO] [stderr]     Checking actix-utils v1.0.6
[INFO] [stderr]     Checking actix-server v1.0.2
[INFO] [stderr]     Checking actix-tls v1.0.0
[INFO] [stderr]     Checking actix-testing v1.0.0
[INFO] [stderr]     Checking trust-dns-resolver v0.18.0-alpha.2
[INFO] [stderr]     Checking postgres v0.17.2
[INFO] [stderr]     Checking actix-connect v1.0.2
[INFO] [stderr]     Checking serde_json v1.0.53
[INFO] [stderr]     Checking serde_urlencoded v0.6.1
[INFO] [stderr]     Checking uuid v0.8.1
[INFO] [stderr]     Checking actix-router v0.2.4
[INFO] [stderr]     Checking diesel v1.4.4
[INFO] [stderr]     Checking actix-http v1.0.1
[INFO] [stderr]     Checking awc v1.0.1
[INFO] [stderr]     Checking actix-web v2.0.0
[INFO] [stderr]     Checking give_the_project_the_name v0.1.0 (/opt/rustwide/workdir)
[INFO] [stdout] warning: unused import: `Deserialize`
[INFO] [stdout]  --> src/app_main.rs:4:24
[INFO] [stdout]   |
[INFO] [stdout] 4 | use serde::{Serialize, Deserialize};
[INFO] [stdout]   |                        ^^^^^^^^^^^
[INFO] [stdout]   |
[INFO] [stdout]   = note: `#[warn(unused_imports)]` on by default
[INFO] [stdout] 
[INFO] [stdout] 
[INFO] [stdout] warning: unused import: `diesel::RunQueryDsl`
[INFO] [stdout]  --> src/app_main.rs:7:5
[INFO] [stdout]   |
[INFO] [stdout] 7 | use diesel::RunQueryDsl;
[INFO] [stdout]   |     ^^^^^^^^^^^^^^^^^^^
[INFO] [stdout] 
[INFO] [stdout] 
[INFO] [stdout] warning: unused import: `Serialize`
[INFO] [stdout]  --> src/island_repository.rs:2:13
[INFO] [stdout]   |
[INFO] [stdout] 2 | use serde::{Serialize, Deserialize};
[INFO] [stdout]   |             ^^^^^^^^^
[INFO] [stdout] 
[INFO] [stdout] 
[INFO] [stdout] warning: unused import: `Deserialize`
[INFO] [stdout]  --> src/app_main.rs:4:24
[INFO] [stdout]   |
[INFO] [stdout] 4 | use serde::{Serialize, Deserialize};
[INFO] [stdout]   |                        ^^^^^^^^^^^
[INFO] [stdout]   |
[INFO] [stdout]   = note: `#[warn(unused_imports)]` on by default
[INFO] [stdout] 
[INFO] [stdout] 
[INFO] [stdout] warning: unused import: `diesel::RunQueryDsl`
[INFO] [stdout]  --> src/app_main.rs:7:5
[INFO] [stdout]   |
[INFO] [stdout] 7 | use diesel::RunQueryDsl;
[INFO] [stdout]   |     ^^^^^^^^^^^^^^^^^^^
[INFO] [stdout] 
[INFO] [stdout] 
[INFO] [stdout] warning: unused import: `Serialize`
[INFO] [stdout]  --> src/island_repository.rs:2:13
[INFO] [stdout]   |
[INFO] [stdout] 2 | use serde::{Serialize, Deserialize};
[INFO] [stdout]   |             ^^^^^^^^^
[INFO] [stdout] 
[INFO] [stdout] 
[INFO] [stdout] error[E0382]: use of moved value: `island`
[INFO] [stdout]   --> src/app_main.rs:65:65
[INFO] [stdout]    |
[INFO] [stdout] 54 |         Ok(island) => {
[INFO] [stdout]    |            ------ move occurs because `island` has type `Island`, which does not implement the `Copy` trait
[INFO] [stdout] ...
[INFO] [stdout] 64 |             match island_repository.save(island) {
[INFO] [stdout]    |                                          ------ value moved here
[INFO] [stdout] 65 |                 Ok(()) => HttpResponse::Ok().json(Response{ id: island.id }),
[INFO] [stdout]    |                                                                 ^^^^^^^^^ value used here after move
[INFO] [stdout] 
[INFO] [stdout] 
[INFO] [stdout] error[E0382]: use of moved value: `island`
[INFO] [stdout]   --> src/app_main.rs:65:65
[INFO] [stdout]    |
[INFO] [stdout] 54 |         Ok(island) => {
[INFO] [stdout]    |            ------ move occurs because `island` has type `island::Island`, which does not implement the `Copy` trait
[INFO] [stdout] ...
[INFO] [stdout] 64 |             match island_repository.save(island) {
[INFO] [stdout]    |                                          ------ value moved here
[INFO] [stdout] 65 |                 Ok(()) => HttpResponse::Ok().json(Response{ id: island.id }),
[INFO] [stdout]    |                                                                 ^^^^^^^^^ value used here after move
[INFO] [stdout] 
[INFO] [stdout] 
[INFO] [stdout] error[E0053]: method `save` has an incompatible type for trait
[INFO] [stdout]   --> src/island_repository.rs:17:36
[INFO] [stdout]    |
[INFO] [stdout] 17 |     fn save(&self, island: Island) {
[INFO] [stdout]    |                                    ^ expected enum `std::result::Result`, found `()`
[INFO] [stdout]    | 
[INFO] [stdout]   ::: src/island.rs:5:39
[INFO] [stdout]    |
[INFO] [stdout] 5  |     fn save(&self, island: Island) -> Result<(), Box<dyn std::error::Error>>;
[INFO] [stdout]    |                                       -------------------------------------- type in trait
[INFO] [stdout]    |
[INFO] [stdout]    = note: expected fn pointer `fn(&IslandRepositoryPostgres, island::Island) -> std::result::Result<(), Box<(dyn StdError + 'static)>>`
[INFO] [stdout]               found fn pointer `fn(&IslandRepositoryPostgres, island::Island)`
[INFO] [stdout] 
[INFO] [stdout] 
[INFO] [stdout] error[E0053]: method `save` has an incompatible type for trait
[INFO] [stdout]   --> src/island_repository.rs:17:36
[INFO] [stdout]    |
[INFO] [stdout] 17 |     fn save(&self, island: Island) {
[INFO] [stdout]    |                                    ^ expected enum `std::result::Result`, found `()`
[INFO] [stdout]    | 
[INFO] [stdout]   ::: src/island.rs:5:39
[INFO] [stdout]    |
[INFO] [stdout] 5  |     fn save(&self, island: Island) -> Result<(), Box<dyn std::error::Error>>;
[INFO] [stdout]    |                                       -------------------------------------- type in trait
[INFO] [stdout]    |
[INFO] [stdout]    = note: expected fn pointer `fn(&IslandRepositoryPostgres, Island) -> std::result::Result<(), Box<(dyn StdError + 'static)>>`
[INFO] [stdout]               found fn pointer `fn(&IslandRepositoryPostgres, Island)`
[INFO] [stdout] 
[INFO] [stdout] 
[INFO] [stdout] error[E0282]: type annotations needed
[INFO] [stdout]    --> src/app_main.rs:100:51
[INFO] [stdout]     |
[INFO] [stdout] 100 |                 .route("/islands", web::post().to(post_island_request_handler))
[INFO] [stdout]     |                                                   ^^^^^^^^^^^^^^^^^^^^^^^^^^^ cannot infer type for type parameter `R` declared on the function `post_island_request_handler`
[INFO] [stdout] 
[INFO] [stdout] 
[INFO] [stdout] error[E0282]: type annotations needed
[INFO] [stdout]    --> src/app_main.rs:100:51
[INFO] [stdout]     |
[INFO] [stdout] 100 |                 .route("/islands", web::post().to(post_island_request_handler))
[INFO] [stdout]     |                                                   ^^^^^^^^^^^^^^^^^^^^^^^^^^^ cannot infer type for type parameter `R` declared on the function `post_island_request_handler`
[INFO] [stdout] 
[INFO] [stdout] 
[INFO] [stdout] error[E0599]: no method named `execute` found for struct `InsertStatement<table, ValuesClause<(ColumnInsertValue<columns::id, diesel::expression::bound::Bound<diesel::sql_types::Uuid, &uuid::Uuid>>, ColumnInsertValue<columns::owner_id, diesel::expression::bound::Bound<diesel::sql_types::Uuid, &uuid::Uuid>>, ColumnInsertValue<columns::name, diesel::expression::bound::Bound<diesel::sql_types::Text, &std::string::String>>, ColumnInsertValue<columns::is_active, diesel::expression::bound::Bound<diesel::sql_types::Bool, &bool>>), table>>` in the current scope
[INFO] [stdout]   --> src/island_repository.rs:35:52
[INFO] [stdout]    |
[INFO] [stdout] 35 |       insert_into(islands_dsl).values(&island_row).execute(&self.connection_pool.get().unwrap()).unwrap();
[INFO] [stdout]    |                                                    ^^^^^^^ method not found in `InsertStatement<table, ValuesClause<(ColumnInsertValue<columns::id, diesel::expression::bound::Bound<diesel::sql_types::Uuid, &uuid::Uuid>>, ColumnInsertValue<columns::owner_id, diesel::expression::bound::Bound<diesel::sql_types::Uuid, &uuid::Uuid>>, ColumnInsertValue<columns::name, diesel::expression::bound::Bound<diesel::sql_types::Text, &std::string::String>>, ColumnInsertValue<columns::is_active, diesel::expression::bound::Bound<diesel::sql_types::Bool, &bool>>), table>>`
[INFO] [stdout]    |
[INFO] [stdout]    = help: items from traits can only be used if the trait is in scope
[INFO] [stdout]    = note: the following trait is implemented but not in scope; perhaps add a `use` for it:
[INFO] [stdout]            `use crate::diesel::RunQueryDsl;`
[INFO] [stdout] 
[INFO] [stdout] 
[INFO] [stdout] error[E0599]: no method named `execute` found for struct `InsertStatement<table, ValuesClause<(ColumnInsertValue<columns::id, diesel::expression::bound::Bound<diesel::sql_types::Uuid, &uuid::Uuid>>, ColumnInsertValue<columns::owner_id, diesel::expression::bound::Bound<diesel::sql_types::Uuid, &uuid::Uuid>>, ColumnInsertValue<columns::name, diesel::expression::bound::Bound<diesel::sql_types::Text, &std::string::String>>, ColumnInsertValue<columns::is_active, diesel::expression::bound::Bound<diesel::sql_types::Bool, &bool>>), table>>` in the current scope
[INFO] [stdout]   --> src/island_repository.rs:35:52
[INFO] [stdout]    |
[INFO] [stdout] 35 |       insert_into(islands_dsl).values(&island_row).execute(&self.connection_pool.get().unwrap()).unwrap();
[INFO] [stdout]    |                                                    ^^^^^^^ method not found in `InsertStatement<table, ValuesClause<(ColumnInsertValue<columns::id, diesel::expression::bound::Bound<diesel::sql_types::Uuid, &uuid::Uuid>>, ColumnInsertValue<columns::owner_id, diesel::expression::bound::Bound<diesel::sql_types::Uuid, &uuid::Uuid>>, ColumnInsertValue<columns::name, diesel::expression::bound::Bound<diesel::sql_types::Text, &std::string::String>>, ColumnInsertValue<columns::is_active, diesel::expression::bound::Bound<diesel::sql_types::Bool, &bool>>), table>>`
[INFO] [stdout]    |
[INFO] [stdout]    = help: items from traits can only be used if the trait is in scope
[INFO] [stdout]    = note: the following trait is implemented but not in scope; perhaps add a `use` for it:
[INFO] [stdout]            `use crate::diesel::RunQueryDsl;`
[INFO] [stdout] 
[INFO] [stdout] 
[INFO] [stdout] error: aborting due to 4 previous errors; 3 warnings emitted
[INFO] [stdout] 
[INFO] [stdout] 
[INFO] [stdout] Some errors have detailed explanations: E0053, E0282, E0382, E0599.
[INFO] [stdout] 
[INFO] [stdout] For more information about an error, try `rustc --explain E0053`.
[INFO] [stdout] 
[INFO] [stdout] error: aborting due to 4 previous errors; 3 warnings emitted
[INFO] [stdout] 
[INFO] [stdout] 
[INFO] [stdout] Some errors have detailed explanations: E0053, E0282, E0382, E0599.
[INFO] [stdout] 
[INFO] [stdout] For more information about an error, try `rustc --explain E0053`.
[INFO] [stdout] 
[INFO] [stderr] error: could not compile `give_the_project_the_name`.
[INFO] [stderr] 
[INFO] [stderr] To learn more, run the command again with --verbose.
[INFO] [stderr] warning: build failed, waiting for other jobs to finish...
[INFO] [stderr] error: build failed
[INFO] running `Command { std: "docker" "inspect" "4bc997f17ba62a2257146efb4410bff77c7f0831078fabc98346a371b4b8fd72", kill_on_drop: false }`
[INFO] running `Command { std: "docker" "rm" "-f" "4bc997f17ba62a2257146efb4410bff77c7f0831078fabc98346a371b4b8fd72", kill_on_drop: false }`
[INFO] [stdout] 4bc997f17ba62a2257146efb4410bff77c7f0831078fabc98346a371b4b8fd72
